{"id":12243,"date":"2026-01-05T20:30:28","date_gmt":"2026-01-05T18:30:28","guid":{"rendered":"https:\/\/nobrainnogain.org\/portfolio\/?post_type=product&#038;p=12243"},"modified":"2026-02-14T22:36:55","modified_gmt":"2026-02-14T20:36:55","slug":"t-shirt-tu-pez","status":"publish","type":"product","link":"https:\/\/nobrainnogain.org\/portfolio\/boutique\/t-shirt\/t-shirt-tu-pez\/","title":{"rendered":"T-shirt &#8211; Tu Pez ? &#8211; S\u00e9rigraphie artisanale \u00e0 Nantes"},"content":{"rendered":"<h2>T-shirt &#8211; Tu Pez ?<\/h2>\n<p><a href=\"https:\/\/nobrainnogain.org\/portfolio\/serigraphie\/\">serigraphie<\/a><\/p>\n<h3>&#8211; <a href=\"https:\/\/pol-n.org\/kraft-house-atelier-de-serigraphie\/\" target=\"_blank\" rel=\"noopener\">S\u00e9rigraphie artisanale \u00e0 Nantes<\/a>&#8211;<\/h3>\n<h4>T shirt 1 couleur Tu pez ?<\/h4>\n<p>S\u00e9rigraphi\u00e9 \u00e0 la main du S au XL disponible sur commande<\/p>\n","protected":false},"excerpt":{"rendered":"<p>t shirt 1 couleur Tu pez ? s\u00e9rigraphi\u00e9 \u00e0 la main<br \/>\ndu S au XL disponible sur commande<\/p>\n","protected":false},"featured_media":12245,"template":"","meta":{"jetpack_publicize_message":"","jetpack_publicize_feature_enabled":true,"jetpack_social_post_already_shared":true,"jetpack_social_options":{"image_generator_settings":{"template":"highway","default_image_id":0,"font":"","enabled":false},"version":2}},"product_brand":[],"product_cat":[81,66],"product_tag":[],"class_list":{"0":"post-12243","1":"product","2":"type-product","3":"status-publish","4":"has-post-thumbnail","6":"product_cat-t-shirt","7":"product_cat-serigraphie-textile","9":"first","10":"instock","11":"shipping-taxable","12":"purchasable","13":"product-type-simple"},"jetpack_publicize_connections":[],"jetpack_sharing_enabled":true,"_links":{"self":[{"href":"https:\/\/nobrainnogain.org\/portfolio\/wp-json\/wp\/v2\/product\/12243","targetHints":{"allow":["GET"]}}],"collection":[{"href":"https:\/\/nobrainnogain.org\/portfolio\/wp-json\/wp\/v2\/product"}],"about":[{"href":"https:\/\/nobrainnogain.org\/portfolio\/wp-json\/wp\/v2\/types\/product"}],"version-history":[{"count":2,"href":"https:\/\/nobrainnogain.org\/portfolio\/wp-json\/wp\/v2\/product\/12243\/revisions"}],"predecessor-version":[{"id":12919,"href":"https:\/\/nobrainnogain.org\/portfolio\/wp-json\/wp\/v2\/product\/12243\/revisions\/12919"}],"wp:featuredmedia":[{"embeddable":true,"href":"https:\/\/nobrainnogain.org\/portfolio\/wp-json\/wp\/v2\/media\/12245"}],"wp:attachment":[{"href":"https:\/\/nobrainnogain.org\/portfolio\/wp-json\/wp\/v2\/media?parent=12243"}],"wp:term":[{"taxonomy":"product_brand","embeddable":true,"href":"https:\/\/nobrainnogain.org\/portfolio\/wp-json\/wp\/v2\/product_brand?post=12243"},{"taxonomy":"product_cat","embeddable":true,"href":"https:\/\/nobrainnogain.org\/portfolio\/wp-json\/wp\/v2\/product_cat?post=12243"},{"taxonomy":"product_tag","embeddable":true,"href":"https:\/\/nobrainnogain.org\/portfolio\/wp-json\/wp\/v2\/product_tag?post=12243"}],"curies":[{"name":"wp","href":"https:\/\/api.w.org\/{rel}","templated":true}]}}