{"id":11897,"date":"2025-11-29T16:52:25","date_gmt":"2025-11-29T14:52:25","guid":{"rendered":"https:\/\/nobrainnogain.org\/portfolio\/?post_type=product&#038;p=11897"},"modified":"2025-12-16T11:13:59","modified_gmt":"2025-12-16T09:13:59","slug":"ho-ho-ho-motherfucker-tote-bag","status":"publish","type":"product","link":"https:\/\/nobrainnogain.org\/portfolio\/boutique\/tote-bag\/ho-ho-ho-motherfucker-tote-bag\/","title":{"rendered":"ho ho ho motherfucker tote bag"},"content":{"rendered":"<p>tote bag\u00a0 s\u00e9rigraphi\u00e9 \u00e0 la main 2 couleurs blanc et rouge ho ho ho motherfucker<br \/>\ntote bag en toile lourde 300g\/m\u00b2<\/p>\n","protected":false},"excerpt":{"rendered":"<p>tote bag\u00a0 s\u00e9rigraphi\u00e9 \u00e0 la main 2 couleurs blanc et rouge ho ho ho motherfucker<br \/>\ntote bag en toile lourde 300g\/m\u00b2<\/p>\n","protected":false},"featured_media":11898,"template":"","meta":{"jetpack_publicize_message":"","jetpack_publicize_feature_enabled":true,"jetpack_social_post_already_shared":true,"jetpack_social_options":{"image_generator_settings":{"template":"highway","default_image_id":0,"font":"","enabled":false},"version":2}},"product_brand":[],"product_cat":[79,66],"product_tag":[],"class_list":{"0":"post-11897","1":"product","2":"type-product","3":"status-publish","4":"has-post-thumbnail","6":"product_cat-tote-bag","7":"product_cat-serigraphie-textile","9":"first","10":"instock","11":"shipping-taxable","12":"purchasable","13":"product-type-simple"},"jetpack_publicize_connections":[],"jetpack_sharing_enabled":true,"_links":{"self":[{"href":"https:\/\/nobrainnogain.org\/portfolio\/wp-json\/wp\/v2\/product\/11897","targetHints":{"allow":["GET"]}}],"collection":[{"href":"https:\/\/nobrainnogain.org\/portfolio\/wp-json\/wp\/v2\/product"}],"about":[{"href":"https:\/\/nobrainnogain.org\/portfolio\/wp-json\/wp\/v2\/types\/product"}],"version-history":[{"count":2,"href":"https:\/\/nobrainnogain.org\/portfolio\/wp-json\/wp\/v2\/product\/11897\/revisions"}],"predecessor-version":[{"id":12089,"href":"https:\/\/nobrainnogain.org\/portfolio\/wp-json\/wp\/v2\/product\/11897\/revisions\/12089"}],"wp:featuredmedia":[{"embeddable":true,"href":"https:\/\/nobrainnogain.org\/portfolio\/wp-json\/wp\/v2\/media\/11898"}],"wp:attachment":[{"href":"https:\/\/nobrainnogain.org\/portfolio\/wp-json\/wp\/v2\/media?parent=11897"}],"wp:term":[{"taxonomy":"product_brand","embeddable":true,"href":"https:\/\/nobrainnogain.org\/portfolio\/wp-json\/wp\/v2\/product_brand?post=11897"},{"taxonomy":"product_cat","embeddable":true,"href":"https:\/\/nobrainnogain.org\/portfolio\/wp-json\/wp\/v2\/product_cat?post=11897"},{"taxonomy":"product_tag","embeddable":true,"href":"https:\/\/nobrainnogain.org\/portfolio\/wp-json\/wp\/v2\/product_tag?post=11897"}],"curies":[{"name":"wp","href":"https:\/\/api.w.org\/{rel}","templated":true}]}}